mon factor of z and 12.
4
Let v = -26 - -24. Let z(q) = 9*q**2 + 4*q + 5. Let w be z(v). Let p = -18 + w. Calculate the greatest common divisor of 45 and p.
15
Suppose 2*v - 57 = -3*u + 1, -3*v + 93 = 3*u. What is the greatest common divisor of 371 and v?
7
Let m = 892 + -612. Suppose -4*w + 1041 = -5*q, 2*q = -w - m - 139. Let j = 341 + q. Calculate the highest common factor of 12 and j.
12
Suppose 979*c - 28973 = -9196 + 38963. Let j be 58/4 + (-1)/(-2). What is the highest common divisor of c and j?
15
Suppose 0 = -121*t + 20*t + 7575. Calculate the highest common factor of t and 1920.
15
Let q = -391 - -369. Let t be q*(-10)/4*(-90)/(-75). Calculate the greatest common divisor of t and 12.
6
Let r be 1/(-1 + (-5650)/(-5645)). Let a = -601 + r. Calculate the greatest common factor of 33 and a.
33
Let q be (9 - 3) + 140/(-30)*-2301. What is the greatest common divisor of q and 474?
158
Let n(u) = 449*u + 2186. Let q be n(-4). Calculate the highest common factor of q and 2760.
30
Let x be 21072145/6405 - 2/(-42). What is the highest common divisor of 126 and x?
14
Suppose -4*y + 7*y - 15 = 0. Suppose 220 = 4*i - 3*o, -2*i = -0*i + y*o - 110. Let u = i + -43. What is the highest common divisor of u and 6?
6
Let b = 56 - -65. Let j = b - 73. Suppose 3*x + j = 7*x. What is the greatest common divisor of x and 16?
4
Let f be -2 + 0 + (18 - 23) + 1253. Calculate the highest common factor of f and 42.
14
Let u(y) = -27*y - 108. Let b be u(-5). Suppose -k + 258 = b. Calculate the greatest common divisor of 99 and k.
33
Let c = 40 + -44. Let q = 1 - c. Suppose 3*x = q*x - 20. Calculate the greatest common divisor of 70 and x.
10
Suppose 533*w - 599*w = -8316. Calculate the highest common divisor of w and 1566.
18
Let a(n) = -22*n + 226. Let s be a(9). What is the highest common divisor of s and 1918?
14
Suppose 3*k + 258 = 3*n, -20*n + 5*k = -19*n - 94. Calculate the greatest common factor of n and 308.
28
Let n = 408 + -240. Let i be -19 - -19 - (n - (-2 + 2)). Let z be (i/4)/(6/(-9)). Calculate the highest common factor of z and 21.
21
Let l be 126/3*(-40)/(-140). Suppose -3*y + 832 = 3*t - 5*y, 2*y - 824 = -3*t. What is the highest common factor of t and l?
12
Let c be 1*56/(-4)*-11. Suppose 0 = y - 2 + 3. Let q(w) = -23*w - 1. Let z be q(y). Calculate the highest common factor of c and z.
22
Suppose 0 = 123*u - 36*u - 99687 - 91278. What is the highest common factor of u and 5?
5
Let d = -2344 - -2544. What is the highest common divisor of d and 125?
25
Let k = 19444 + -19437. What is the highest common factor of 15911 and k?
7
Let t(v) = -101*v - 2. Suppose -24 = 10*d - 14. Let p be t(d). Calculate the greatest common factor of p and 9.
9
Let t(d) = d**2 - 143*d + 240. Let l be t(0). Suppose 6*c - c = 0, -c + 180 = 4*x. Calculate the greatest common factor of x and l.
15
Suppose -5*i + 4*n - 634 + 2119 = 0, 594 = 2*i + 4*n. Let q = -41 - 9. Let f = q + 83. What is the greatest common factor of f and i?
33
Suppose 212 = 5*r + 48*r. Let y(j) = 111*j**2 + 1. Let i be y(-1). Calculate the highest common divisor of r and i.
4
Let x be 737 - (12 - 8)/(8/18). What is the greatest common factor of 784 and x?
56
Suppose -23*y - 3*w - 36 = -25*y, 5*w - 5 = -y. Suppose 1691 - 281 = y*k. What is the highest common factor of k and 329?
47
Let p be (-4 + (-35)/(-7))*-75. Let r be 44/(-5)*p/(-6)*-1. What is the greatest common divisor of 44 and r?
22
Suppose -52*x = 7757 - 77481 - 16024. What is the highest common divisor of x and 187?
17
Suppose -47 = -2*w + 9. Suppose -4*f - m + 6 = -26, -m = f - 11. Let r(d) = d**2 - 6*d. Let q be r(f). What is the greatest common divisor of q and w?
7
Let u = -631 + 640. Let i be ((-1316)/42)/((-6)/u). Calculate the highest common factor of i and 846.
47
Suppose -111 = -2*u - 3*h, 2*h = -4*u + 167 + 67. Suppose -183*a + 160 = 181*a - 356*a. Calculate the highest common divisor of u and a.
20
Let b = -1 - -6. Suppose b*q - 198 = u, -6*q + q = u - 192. Let t = 1505 + -1492. Calculate the highest common divisor of q and t.
13
Let k = 194 + -180. Suppose -76*y + 74*y = -k. What is the greatest common divisor of y and 35?
7
Let x be ((-867)/85)/(((-3)/(-10))/(-1)). Calculate the greatest common factor of x and 12206.
34
Let k(y) = 25*y - 48. Let x be k(2). Suppose x*n = -r + 83, 2*r = -5*n + 5*r + 180. Let p = -158 - -548. Calculate the highest common divisor of n and p.
39
Suppose -2*p - 18 = 0, -71*d - 777 = -72*d + 5*p. What is the highest common divisor of 156 and d?
12
Let x be (2163/(-35))/(156/(-30) + 5). What is the greatest common divisor of x and 3811?
103
Let t = -74 - -106. Let g(i) = -36*i + 8. Let k be 45/(-6)*(1 - 3/15). Let b be g(k). Calculate the greatest common factor of b and t.
32
Let w be (0*(-3)/(-9))/1. Let s be 3 + w - -11 - -1. Let n be s*4*(5/2 - 2). What is the greatest common divisor of n and 20?
10
Let n be 25/75*(1778 - -1). Let k = n + -592. Let o(v) = 5*v - 2. Let g be o(3). Calculate the highest common factor of k and g.
1
Let z = -47 - -46. Let n(c) = -159*c - 16. Let j be n(z). What is the highest common factor of 22 and j?
11
Suppose -45*z + 91695 + 9825 = 0. What is the greatest common factor of z and 846?
282
Let x(t) = 37*t**2 + 42*t + 72. Let o be x(10). What is the highest common factor of o and 1179?
131
Suppose 1332 = -m - 3*n + 5590, m = 5*n + 4194. Calculate the highest common factor of m and 58.
58
Let n(b) = b**3 + b**2 - 40*b + 17. Let q be n(-7). Suppose 0 = 5*k - q*h + 7*h - 2635, -2*k + 5*h = -1054. Calculate the highest common factor of 31 and k.
31
Let p(f) = 13*f**2 - 39*f - 970. Let h be p(31). What is the greatest common factor of h and 54?
54
Suppose 0 = -n + 2*c - 2, 84 = 4*n - 2*c + 80. Calculate the highest common factor of 872 and n.
2
Suppose 5*f - 1211 = -x, 7*x + 20 = 2*x. What is the highest common divisor of 18 and f?
9
Let w = 13283 + -12213. Calculate the highest common factor of w and 321.
107
Let i(j) = -j**2 - 7*j + 668. Let o be i(-24). What is the highest common divisor of 9230 and o?
130
Suppose -5*g = -10*g - 12*g + 561. What is the highest common divisor of g and 4191?
33
Let t = 3879 - 1976. Calculate the highest common divisor of 11 and t.
11
Suppose -14*k = -17*k + 36. Let a be (-19)/3*(k + -6). Let d = 67 + a. What is the highest common factor of 203 and d?
29
Suppose 0 = 5*c - 814 + 164. Let s be -5*(-4)/6*1722/28. Suppose -5*k = -55 - s. Calculate the greatest common factor of c and k.
26
Let r be 69/6 - (-6)/12. Suppose 0 = 5*f + f - r. Suppose f*n + 15 = 5*n. Calculate the greatest common factor of n and 35.
5
Suppose 67833 + 13390 - 7657 = 61*r. Calculate the highest common divisor of r and 360.
18
Suppose q - 1675 = -5*w, 2*q + 5*w - 3350 = 4*w. What is the greatest common divisor of q and 134?
67
Let a be (-22)/44 - (-289)/2. What is the greatest common factor of a and 180?
36
Let l(k) = -k**2 - 15*k - 21. Let f(n) = -n**2 - 15*n - 20. Let q(h) = 3*f(h) - 2*l(h). Let s be q(-12). What is the greatest common factor of 12 and s?
6
Suppose -1110 - 2080 = -119*h + 1808. What is the greatest common divisor of h and 63?
21
Let m be 4/10 - (-22954)/805*7. Calculate the greatest common factor of 950 and m.
50
Let i = 3718 - 3259. Calculate the highest common factor of i and 221.
17
Let i = -22164 + 25692. What is the highest common divisor of 343 and i?
49
Let n(x) = 2302*x + 7810. Let m be n(17). What is the greatest common divisor of m and 288?
288
Suppose 998*r - 971*r - 1016 = 2386. Calculate the greatest common divisor of 19026 and r.
126
Let l = -1 - -5. Suppose -l*h + 26 = -34. Let s = 210 - 90. Calculate the greatest common divisor of h and s.
15
Let y(n) = -n + 25. Let p(t) = -3*t**3 - 15*t**2 + 9*t + 9. Let s be p(-5). Let j be y(s). Calculate the highest common divisor of j and 244.
61
Suppose 14 = 6*h + 68. Let m be (-1390)/(-6) - (-2)/h*3. Suppose 0*i - 3*i = -63. Calculate the highest common divisor of i and m.
21
Suppose 756 = 18*p + 36. Calculate the highest common divisor of p and 4208.
8
Let k be ((-6)/(-4))/((-52)/(-30264)). Suppose -c - 171 = -k. What is the highest common divisor of c and 18?
18
Let d = -38665 - -39022. What is the highest common factor of d and 63?
21
Let u(n) = 2*n + 52. Suppose -35*b - 2 = -34*b. Let l b